18468 a multiple of 162?
True
Does 39 divide 1142?
False
Does 16 divide 192?
True
Is 26650 a multiple of 325?
True
Does 20 divide 80126?
False
Is 9 a factor of 303?
False
Is 12100 a multiple of 44?
True
Does 10 divide 24126?
False
Does 78 divide 604?
False
Is 318 a multiple of 6?
True
Is 36 a factor of 9372?
False
Is 21240 a multiple of 59?
True
Does 27 divide 4671?
True
Does 37 divide 3364?
False
Is 48 a factor of 1468?
False
Is 10 a factor of 360?
True
Is 52196 a multiple of 15?
False
Is 2916 a multiple of 36?
True
Is 9 a factor of 567?
True
Is 5 a factor of 1230?
True
Is 198 a multiple of 5?
False
Is 45305 a multiple of 10?
False
Is 9 a factor of 304?
False
Is 5069 a multiple of 9?
False
Is 30 a factor of 26454?
False
Is 71 a factor of 12141?
True
Does 22 divide 4224?
True
Is 19 a factor of 6119?
False
Is 510 a multiple of 87?
False
Is 245 a multiple of 22?
False
Does 32 divide 8315?
False
Is 114 a factor of 3827?
False
Does 9 divide 592?
False
Is 35 a factor of 3449?
False
Is 897 a multiple of 13?
True
Is 10 a factor of 11350?
True
Is 128 a factor of 1680?
False
Is 387 a factor of 28638?
True
Is 331 a multiple of 15?
False
Is 49 a factor of 7489?
False
Is 136 a multiple of 2?
True
Is 423 a multiple of 9?
True
Does 6 divide 5268?
True
Is 3 a factor of 348?
True
Is 16 a factor of 6993?
False
Does 12 divide 4740?
True
Is 5938 a multiple of 61?
False
Is 63 a factor of 516?
False
Is 36 a factor of 1359?
False
Does 74 divide 66049?
False
Does 10 divide 1610?
True
Is 12 a factor of 388?
False
Is 1690 a multiple of 65?
True
Is 18 a factor of 2484?
True
Is 103 a factor of 48298?
False
Does 76 divide 4378?
False
Is 4968 a multiple of 18?
True
Does 35 divide 1355?
False
Is 8 a factor of 200?
True
Does 3 divide 9150?
True
Is 1260 a multiple of 20?
True
Does 17 divide 715?
False
Does 35 divide 4262?
False
Does 10 divide 6624?
False
Is 720 a multiple of 18?
True
Is 3950 a multiple of 25?
True
Is 1768 a multiple of 34?
True
Is 3528 a multiple of 12?
True
Is 523 a multiple of 21?
False
Is 68171 a multiple of 15?
False
Is 7790 a multiple of 14?
False
Does 4 divide 472?
True
Is 77 a factor of 138215?
True
Does 12 divide 414?
False
Is 5 a factor of 18750?
True
Is 11278 a multiple of 12?
False
Is 2 a factor of 1077?
False
Does 193 divide 34537?
False
Is 37 a factor of 13181?
False
Does 2 divide 72?
True
Is 80489 a multiple of 20?
False
Does 3 divide 223?
False
Is 60 a factor of 3830?
False
Is 9 a factor of 14450?
False
Does 16 divide 320?
True
Is 27 a factor of 54?
True
Is 226 a factor of 46567?
False
Does 20 divide 3066?
False
Is 3533 a multiple of 79?
False
Does 14 divide 280?
True
Is 19152 a multiple of 18?
True
Does 2 divide 1948?
True
Does 48 divide 4416?
True
Does 13 divide 2409?
False
Is 22552 a multiple of 19?
False
Is 15997 a multiple of 43?
False
Is 287 a multiple of 30?
False
Is 1998 a multiple of 111?
True
Is 6149 a multiple of 14?
False
Does 28 divide 121117?
False
Is 532 a multiple of 28?
True
Does 255 divide 91035?
True
Is 41 a factor of 1904?
False
Does 23 divide 30636?
True
Is 33065 a multiple of 131?
False
Is 7 a factor of 175?
True
Is 46 a multiple of 3?
False
Does 19 divide 1195?
False
Is 9 a factor of 225?
True
Does 21 divide 19971?
True
Is 28 a factor of 5068?
True
Does 14 divide 956?
False
Is 304 a multiple of 76?
True
Is 31120 a multiple of 14?
False
Is 1845 a multiple of 6?
False
Is 80 a factor of 4160?
True
Does 52 divide 42952?
True
Does 44 divide 758?
False
Is 8398 a multiple of 19?
True
Is 9446 a multiple of 20?
False
Does 10 divide 36620?
True
Is 43 a factor of 3310?
False
Is 79 a multiple of 72?
False
Is 74 a factor of 34706?
True
Does 59 divide 53070?
False
Does 23 divide 534?
False
Is 68 a factor of 1224?
True
Does 5 divide 245?
True
Is 2824 a multiple of 26?
False
Is 16 a factor of 11288?
False
Is 16 a factor of 7844?
False
Is 19 a factor of 1579?
False
Is 66 a factor of 23562?
True
Is 57145 a multiple of 17?
False
Is 9944 a multiple of 31?
False
Does 5 divide 508?
False
Is 36351 a multiple of 249?
False
Is 7 a factor of 114?
False
Is 17571 a multiple of 79?
False
Is 207 a factor of 11799?
True
Is 14 a factor of 28783?
False
Is 13545 a multiple of 215?
True
Is 25 a factor of 700?
True
Does 51 divide 8350?
False
Is 18 a factor of 649?
False
Is 3030 a multiple of 30?
True
Is 30 a factor of 104?
False
Does 12 divide 15780?
True
Is 140 a factor of 15883?
False
Is 22 a factor of 159?
False
Does 25 divide 1125?
True
Is 46068 a multiple of 132?
True
Is 5446 a multiple of 14?
True
Is 19 a factor of 53120?
False
Is 1748 a multiple of 24?
False
Is 1677 a multiple of 13?
True
Is 42 a factor of 1512?
True
Is 685 a multiple of 18?
False
Is 104 a factor of 2206?
False
Does 46 divide 12972?
True
Is 4472 a multiple of 9?
False
Does 4 divide 8240?
True
Does 58 divide 290?
True
Does 15 divide 10545?
True
Is 2195 a multiple of 35?
False
Is 5054 a multiple of 14?
True
Is 43 a factor of 850?
False
Is 239 a multiple of 5?
False
Is 38 a factor of 2280?
True
Is 95135 a multiple of 273?
False
Is 39 a factor of 19607?
False
Is 11514 a multiple of 30?
False
Is 70 a factor of 3920?
True
Is 27 a factor of 135?
True
Is 16 a factor of 23585?
False
Is 11 a factor of 55?
True
Is 17290 a multiple of 2?
True
Is 3180 a multiple of 5?
True
Does 11 divide 1831?
False
Is 11 a factor of 21890?
True
Is 549 a multiple of 17?
False
Is 234 a multiple of 3?
True
Is 599 a multiple of 81?
False
Is 14 a factor of 1246?
True
Does 6 divide 14365?
False
Is 14 a factor of 1666?
True
Does 39 divide 14600?
False
Does 15 divide 855?
True
Is 769 a multiple of 15?
False
Is 24 a factor of 8192?
False
Does 27 divide 5593?
False
Does 114 divide 3648?
True
Does 67 divide 1196?
False
Is 67 a multiple of 62?
False
Is 5267 a multiple of 25?
False
Does 349 divide 12215?
True
Is 43 a factor of 4334?
False
Is 11522 a multiple of 6?
False
Is 13855 a multiple of 79?
False
Is 3 a factor of 2307?
True
Is 57 a factor of 285?
True
Is 67826 a multiple of 11?
True
Is 3690 a multiple of 11?
False
Does 8 divide 8807?
False
Is 43 a factor of 3562?
False
Is 58 a factor of 18734?
True
Is 20496 a multiple of 140?
False
Does 17 divide 109548?
True
Is 3381 a multiple of 21?
True
Does 74 divide 12876?
True
Is 7868 a multiple of 26?
False
Is 61 a factor of 323?
False
Is 8570 a multiple of 9?
False
Does 4 divide 1802?
False
Does 37 divide 1069?
False
Is 494 a multiple of 26?
True
Is 20144 a multiple of 56?
False
Does 56 divide 718?
False
Does 38 divide 43?
False
Is 16 a factor of 1948?
False
Is 64 a factor of 1152?
True
Does 29 divide 667?
True
Does 14 divide 1652?
True
Is 2 a factor of 443?
False
Is 25 a factor of 12525?
True
Is 827 a multiple of 10?
False
Is 19375 a multiple of 125?
True
Is 14 a factor of 2338?
True
Is 5 a factor of 4791?
False
Is 69 a factor of 32016?
True
Is 1404 a multiple of 4?
True
Is 13 a factor of 8385?
True
Is 13 a factor of 39?
True
Does 8 divide 1028?
False
Does 34 divide 3196?
True
Is 736 a multiple of 32?
True
Does 16 divide 1040?
True
Is 23 even?
False
Does 65 divide 4030?
True
Is 22 a factor of 3629?
False
Does 11 divide 9998?
False
Is 9190 a multiple of 39?
False
Is 80 a factor of 2773?
False
Is 266 a multiple of 5?
False
Does 28 divide 1624?
True
Is 97 a factor of 321?
False
Does 57 divide 6688?
False
Is 142 even?
True
Is 2582 a multiple of 47?
False
Does 31 divide 1547?
False
Does 18 divide 1584?
True
Is 17 a factor of 23556?
False
Is 874 a multiple of 23?
True
Does 32 divide 6656?
True
Does 17 divide 60656?
True
Is 72 a factor of 356?
False
Does 10 divide 8344?
False
Is 73 a factor of 774?
False
Does 109 divide 18312?
True
Is 10 a factor of 1226?
False
Does 12 divide 3444?
True
Is 2400 a multiple of 80?
True
Is 108 a factor of 3703?
False
Is 1350 a multiple of 27?
True
Is 571 a multiple of 21?
False
Is 37 a factor of 242?
False
Is 200 a multiple of 20?
True
Is 76 a factor of 2609?
False
Is 4193 a multiple of 7?
True
Is 165 a multiple of 5?
True
Does 16 divide 6482?
False
Is 453 a multiple of 20?
False
Is 16 a factor of 9280?
True
Is 9 a factor of 4164?
False
Is 10 a factor of 9440?
True
Is 3150 a multiple of 5?
True
Is 62 a factor of 1268?
False
Does 9 divide 1575?
True
Does 65 divide 19630?
True
Is 27135 a multiple of 45?
True
Is 6912 a multiple of 108?
True
Is 21 a f